101101011011000
What is 4301240 (base 6) in base 8?
632530
Convert -282c (base 16) to base 15.
-30a9
What is b1fa2 (base 16) in base 2?
10110001111110100010
What is -253451221 (base 6) in base 11?
-2872079
What is 272b1 (base 16) in base 11?
aa599
3424330 (base 6) to base 10
174654
Convert -3220143 (base 6) to base 5.
-20030200
-163375 (base 10) to base 6
-3300211
Convert 104412332 (base 5) to base 11.
299615
What is -1231333 (base 5) in base 13?
-aba9
What is 122203133 (base 5) in base 12?
242509
Convert 25561456 (base 7) to base 5.
1044144402
Convert -1104173 (base 14) to base 6.
-445053025
Convert -262442 (base 7) to base 14.
-13b92
What is -632a80 (base 12) in base 8?
-5747200
4070184 (base 9) to base 4
20102033020
Convert 46790 (base 16) to base 8.
1063620
Convert b686b (base 13) to base 9.
551016
-10ca814 (base 14) to base 13
-187a2ca
-aa78a6 (base 12) to base 15
-387a39
What is 412a4 (base 16) in base 14?
6d3b6
-1788408 (base 14) to base 15
-10493d6
78668 (base 12) to base 8
470260
958d17 (base 14) to base 12
183a621
What is 110320231300 (base 4) in base 7?
64352431
What is 3204110002 (base 5) in base 9?
13552085
What is 3220301 (base 5) in base 3?
2202200201
Convert -137c4 (base 14) to base 10.
-48192
What is -146730 (base 9) in base 7?
-524103
20031332012 (base 4) to base 10
2154374
Convert -12012100200200 (base 3) to base 15.
-398890
What is 3017a (base 16) in base 15?
3d576
Convert -860750 (base 13) to base 10.
-3142958
Convert -531434 (base 8) to base 11.
-110a20
Convert -110113302 (base 4) to base 11.
-57767
247c5 (base 15) to base 16
1c71e
c5d69 (base 15) to base 4
2121023013
-1600281 (base 9) to base 13
-250357
2764663 (base 8) to base 4
2332212303
39de3 (base 16) to base 5
30041102
What is -30320022113 (base 4) in base 3?
-20100111200102
-1311344 (base 6) to base 10
-71632
What is -350403 (base 8) in base 16?
-1d103
What is -1002212020121 (base 3) in base 8?
-2173750
Convert 10101011010011010 (base 2) to base 3.
11110022101
232220312 (base 4) to base 2
101110101000110110
-1221103312 (base 4) to base 16
-694f6
-6e67 (base 16) to base 4
-12321213
-22ee44 (base 16) to base 6
-121022124
43305633 (base 7) to base 8
16071565
What is 5184520 (base 9) in base 5?
1202201311
Convert 120121122 (base 4) to base 8.
303132
What is 2242322240 (base 5) in base 14?
95376b
What is -147562 (base 11) in base 4?
-320003211
What is -717010 (base 8) in base 15?
-4a394
Convert 2349ec (base 15) to base 2.
110011011101101100100
135253025 (base 7) to base 6
514042222
Convert 22022311 (base 4) to base 5.
2313103
Convert -1027a13 (base 11) to base 10.
-1811384
-1405405 (base 6) to base 15
-1860e
Convert 145231220 (base 6) to base 11.
17a5331
Convert 3a1608 (base 13) to base 3.
2122021011011
What is 12886 (base 10) in base 15?
3c41
What is 3697947 (base 10) in base 9?
6855560
Convert -1001101101100111001000 (base 2) to base 9.
-4710552
2c6a6 (base 14) to base 6
2214134
Convert -37453 (base 10) to base 8.
-111115
-787036 (base 9) to base 5
-110032332
What is 2022220112022 (base 3) in base 10?
1238228
-56c0e (base 15) to base 7
-2226632
What is -70351 (base 15) in base 2?
-1010110101100110110
80364 (base 16) to base 15
a5906
What is -646bb5 (base 13) in base 9?
-4382411
What is -3b3234 (base 13) in base 3?
-2200220110222
What is 1110010101010110 (base 2) in base 13?
20952
What is 8bcb (base 14) in base 15?
72e2
Convert 13550454 (base 7) to base 5.
311212030
10101011010011011101000 (base 2) to base 16
55a6e8
Convert 15c6293 (base 13) to base 6.
410514542
What is -a86364 (base 12) in base 5?
-1140240314
53202405 (base 6) to base 14
2c6d93
-313023322 (base 4) to base 9
-374057
3a865 (base 11) to base 13
206a6
What is 11e933 (base 16) in base 2?
100011110100100110011
1111000111111011000 (base 2) to base 7
4132554
Convert 168b950 (base 12) to base 14.
896228
Convert 534021 (base 6) to base 3.
2012212111
What is 4840463 (base 9) in base 10?
2624781
Convert -2707475 (base 9) to base 12.
-5b5588
What is -411386 (base 11) in base 7?
-5421021
73106 (base 8) to base 9
45472
6234ba (base 13) to base 3
11022110110000
What is -141178 (base 10) in base 5?
-14004203
Convert -59bf (base 16) to base 2.
-101100110111111
Convert 300952 (base 15) to base 2.
1000101100101100100011
Convert -23355150 (base 8) to base 3.
-100121012212210
-3311003 (base 6) to base 11
-102909
-861680 (base 11) to base 4
-11100201133
7a3a54 (base 12) to base 15
2897b7
What is -304223250 (base 6) in base 2?
-10100000000010111001110
Convert d6370 (base 16) to base 8.
3261560
Convert 31311032 (base 4) to base 11.
39624
Convert 452510351 (base 6) to base 16.
7de97b
What is 100110001101110011111 (base 2) in base 8?
4615637
Convert 100020011020120 (base 3) to base 16.
4ad4e0
Convert 33111560 (base 8) to base 7.
114324166
What is 233304323 (base 5) in base 11?
672837
Convert -10000111111111011 (base 2) to base 15.
-1596c
What is 155772 (base 12) in base 9?
611815
What is 462a8 (base 11) in base 12?
3287a
What is 10010101110111111111 (base 2) in base 4?
2111313333
2829 (base 14) to base 5
211333
Convert 504431311 (base 6) to base 12.
2a78537
What is 61a45 (base 11) in base 2?
10110000101000100
What is -74d88 (base 14) in base 4?
-1010332330
What is 212021202222 (base 3) in base 15?
90c38
Convert 459017 (base 15) to base 11.
1969151
-10223104022 (base 5) to base 9
-22210185
-21120001001010 (base 3) to base 12
-1418163
Convert -102011200011211 (base 3) to base 16.
-5a9aab
-328733 (base 9) to base 4
-300001122
-217570 (base 10) to base 15
-446ea
Convert 870703 (base 10) to base 8.
3244457
ac3b5 (base 15) to base 5
120010340
-107332 (base 10) to base 5
-11413312
What is -2201150 (base 7) in base 2?
-1000001110000011011
What is -11331 (base 16) in base 6?
-1302053
Convert -80229 (base 13) to base 9.
-377840
Convert -26a2992 (base 11) to base 2.
-10001110001100111101010
Convert 35772 (base 9) to base 6.
302532
Convert 349447 (base 10) to base 7.
2653540
What is 11361356 (base 7) in base 16?
f5bd6
What is 100000110100001101110 (base 2) in base 9?
2018038
Convert 10100111010010011 (base 2) to base 15.
1a5a1
-110000111100001101 (base 2) to base 10
-200461
What is -12a7c1 (base 13) in base 2?
-1101110010010001101
Convert 70162 (base 8) to base 16.
7072
What is 10100110110100011101 (base 2) in base 4?
2212310131
-11023500 (base 6) to base 10
-330012
13301104000 (base 5) to base 16
10097fd
What is -30143 (base 15) in base 7?
-1202424
What is c03d (base 16) in base 9?
74451
What is -450052 (base 6) in base 5?
-2200431
Convert -1aa43 (base 12) to base 14.
-1057d
20001210021020 (base 3) to base 14
5dcc1b
What is 10020121202121 (base 3) in base 2?
110100101000011100001
What is -527677 (base 8) in base 12?
-85a7b
What is -140a75 (base 12) in base 9?
-557178
646308 (base 9) to base 4
1132002023
What is 1597996 (base 12) in base 16?
4399c2
-1361000 (base 7) to base 11
-11539a
-1110100110100011100 (base 2) to base 5
-110302432
-22924b (base 12) to base 10
-555035
Convert -133180 (base 11) to base 7.
-1530562
-1013317 (base 9) to base 16
-83f20
Convert -63e5 (base 15) to base 9.
-31888
401102 (base 5) to base 7
51613
What is -bf5e9 (base 16) in base 13?
-215a21
-29b912 (base 12) to base 15
-ddb8b
Convert -aa2f26 (base 16) to base 12.
-389a486
Convert -314b44 (base 13) to base 14.
-220355
Convert -11001000010110111 (base 2) to base 11.
-70088
Convert -10011010100101000 (base 2) to base 9.
-130507
17581 (base 12) to base 11
23310
Convert -c1011 (base 13) to base 14.
-8d9cb
540296 (base 10) to base 5
114242141
Convert -1162461 (base 7) to base 5.
-14243122
What is -6340 (base 11) in base 8?
-20311
Convert 15cb5 (base 15) to base 3.
10120112022
b4b2ae (base 15) to base 8
40617724
Convert -160328 (base 9) to base 14.
-27d6c
-42554 (base 15) to base 3
-101200200121
What is 1598538 (base 11) in base 15?
38ad54
Convert -11100100101001011100 (base 2) to base 8.
-3445134
10d9f8 (base 16) to base 6
35400504
-7a05a0 (base 12) to base 10
-1950024
What is 55466 (base 7) in base 8?
33214
Convert -272321 (base 8) to base 15.
-1d42b
What is 25245 (base 15) in base 8?
347560
What is -87c82 (base 13) in base 12?
-ba441
-1373574 (base 9) to base 16
-b8db6
Convert 4bc3d5 (base 14) to base 9.
4813825
Convert -18bd5 (base 15) to base 16.
-139ac
Conv